{"id":14,"date":"2024-08-08T17:18:56","date_gmt":"2024-08-08T17:18:56","guid":{"rendered":"https:\/\/xn--identittsastrologie4-hzb.ch\/?page_id=14"},"modified":"2024-08-10T09:59:16","modified_gmt":"2024-08-10T09:59:16","slug":"buecher","status":"publish","type":"page","link":"https:\/\/xn--identittsastrologie4-hzb.ch\/index.php\/buecher\/","title":{"rendered":"B\u00fccher"},"content":{"rendered":"\n<div class=\"wp-block-columns alignwide is-layout-flex wp-container-core-columns-is-layout-28f84493 wp-block-columns-is-layout-flex\">\n<div class=\"wp-block-column is-layout-flow wp-block-column-is-layout-flow\">\n<figure class=\"wp-block-image size-full is-resized\"><a href=\"https:\/\/xn--identittsastrologie4-hzb.ch\/index.php\/buch1\/\"><img loading=\"lazy\" decoding=\"async\" width=\"682\" height=\"964\" src=\"https:\/\/xn--identittsastrologie4-hzb.ch\/wp-content\/uploads\/2024\/08\/Buch1.png\" alt=\"\" class=\"wp-image-16\" style=\"width:300px;height:auto\" srcset=\"https:\/\/xn--identittsastrologie4-hzb.ch\/wp-content\/uploads\/2024\/08\/Buch1.png 682w, https:\/\/xn--identittsastrologie4-hzb.ch\/wp-content\/uploads\/2024\/08\/Buch1-212x300.png 212w\" sizes=\"auto, (max-width: 682px) 100vw, 682px\" \/><\/a><\/figure>\n<\/div>\n\n\n\n<div class=\"wp-block-column is-layout-flow wp-block-column-is-layout-flow\">\n<p>Impressum<br>\u00a9 2017 Michael Baumann<\/p>\n\n\n\n<ol class=\"wp-block-list\">\n<li>Auflage, Oktober 2017<br>Text: Michael Baumann<br>Korrektorat: Marie-Luise Stettler, 5077 Elfingen<br>Foto Cover: Michael Baumann<br>Druck Zumsteg Druck AG, 5070 Frick<br>und Bindung: <a href=\"https:\/\/www.swiboo.ch\/ProductDetails?produktID=ART%7C1145300\" data-type=\"link\" data-id=\"https:\/\/www.swiboo.ch\/ProductDetails?produktID=ART%7C1145300\" target=\"_blank\" rel=\"noreferrer noopener\">www.buchmodul.ch<\/a><br>Verlag: Eigenverlag Michael Baumann<br>Papier: ProfiTop weiss (FSC mixed)<br>ISBN 978-3-033-06068-5<br>Die therapeutischen Hinweise in diesem Buch richten sich in erster Linie an Therapeuten.<br>F\u00fcr ihre Anwendung besteht keine Haftpflicht.<\/li>\n<\/ol>\n<\/div>\n<\/div>\n\n\n\n<div class=\"wp-block-columns alignwide is-layout-flex wp-container-core-columns-is-layout-28f84493 wp-block-columns-is-layout-flex\">\n<div class=\"wp-block-column is-layout-flow wp-block-column-is-layout-flow\">\n<figure class=\"wp-block-image size-full is-resized\"><a href=\"https:\/\/identit\u00e4tsastrologie4.ch\/index.php\/buch2-2\/\"><img loading=\"lazy\" decoding=\"async\" width=\"682\" height=\"964\" src=\"https:\/\/xn--identittsastrologie4-hzb.ch\/wp-content\/uploads\/2024\/08\/Buch2.png\" alt=\"\" class=\"wp-image-20\" style=\"width:301px;height:auto\" srcset=\"https:\/\/xn--identittsastrologie4-hzb.ch\/wp-content\/uploads\/2024\/08\/Buch2.png 682w, https:\/\/xn--identittsastrologie4-hzb.ch\/wp-content\/uploads\/2024\/08\/Buch2-212x300.png 212w\" sizes=\"auto, (max-width: 682px) 100vw, 682px\" \/><\/a><\/figure>\n<\/div>\n\n\n\n<div class=\"wp-block-column is-layout-flow wp-block-column-is-layout-flow\">\n<p>Impressum<br>\u00a9 2019 Michael Baumann<\/p>\n\n\n\n<ol class=\"wp-block-list\">\n<li>Auflage, April 2019<br>Text: Michael Baumann<br><a href=\"http:\/\/www.empedokles-web.ch\" target=\"_blank\" rel=\"noreferrer noopener\">www.empedokles-web.ch<\/a><br>Korrektorat: Marie-Luise Stettler, 5077 Elfingen<br>Foto Cover: Michael Baumann<br>Layout, Druck Zumsteg Druck AG, 5070 Frick<br>und Bindung: <a href=\"https:\/\/www.swiboo.ch\/ProductDetails?produktID=ART%7C1145287\" data-type=\"link\" data-id=\"https:\/\/www.swiboo.ch\/ProductDetails?produktID=ART%7C1145287\" target=\"_blank\" rel=\"noreferrer noopener\">www.buchmodul.ch<\/a><br>Verlag: Eigenverlag Michael Baumann<br>Papier: ProfiTop weiss (FSC mixed)<br>ISBN: 978-3-907106-28-0<br>Erstauslieferung 18. Juni 2019<\/li>\n<\/ol>\n<\/div>\n<\/div>\n\n\n\n<div class=\"wp-block-columns alignwide is-layout-flex wp-container-core-columns-is-layout-28f84493 wp-block-columns-is-layout-flex\">\n<div class=\"wp-block-column is-layout-flow wp-block-column-is-layout-flow\">\n<figure class=\"wp-block-image size-full is-resized\"><a href=\"https:\/\/identit\u00e4tsastrologie4.ch\/index.php\/buch3-2\/\"><img loading=\"lazy\" decoding=\"async\" width=\"682\" height=\"964\" src=\"https:\/\/xn--identittsastrologie4-hzb.ch\/wp-content\/uploads\/2024\/08\/Buch3.png\" alt=\"\" class=\"wp-image-21\" style=\"width:301px;height:auto\" srcset=\"https:\/\/xn--identittsastrologie4-hzb.ch\/wp-content\/uploads\/2024\/08\/Buch3.png 682w, https:\/\/xn--identittsastrologie4-hzb.ch\/wp-content\/uploads\/2024\/08\/Buch3-212x300.png 212w\" sizes=\"auto, (max-width: 682px) 100vw, 682px\" \/><\/a><\/figure>\n<\/div>\n\n\n\n<div class=\"wp-block-column is-layout-flow wp-block-column-is-layout-flow\">\n<p>Impressum<br>\u00a9 2020 Michael Baumann<\/p>\n\n\n\n<ol class=\"wp-block-list\">\n<li>Auflage, Februar 2020<br>Text: Michael Baumann<br><a href=\"http:\/\/www.empedokles-web.ch\" target=\"_blank\" rel=\"noreferrer noopener\">www.empedokles-web.ch<\/a><br>Korrektorat: Marie-Luise Stettler, 5077 Elfingen<br>Foto Cover: Michael Baumann<br>Layout, Druck Zumsteg Druck AG, 5070 Frick<br>und Bindung: <a href=\"https:\/\/www.swiboo.ch\/ProductDetails?produktID=ART%7C1145564\" data-type=\"link\" data-id=\"https:\/\/www.swiboo.ch\/ProductDetails?produktID=ART%7C1145564\" target=\"_blank\" rel=\"noreferrer noopener\">www.buchmodul.ch<\/a><br>Verlag: Eigenverlag Michael Baumann<br>Papier: Z-Offset-Natural (FSC-Mixed)<br>ISBN 978-3-907106-38-9<br>Erstauslieferung am 4. Februar 2020<\/li>\n<\/ol>\n<\/div>\n<\/div>\n\n\n\n<div class=\"wp-block-columns alignwide is-layout-flex wp-container-core-columns-is-layout-28f84493 wp-block-columns-is-layout-flex\">\n<div class=\"wp-block-column is-layout-flow wp-block-column-is-layout-flow\">\n<figure class=\"wp-block-image size-full is-resized\"><a href=\"https:\/\/identit\u00e4tsastrologie4.ch\/index.php\/buch-4\/\"><img loading=\"lazy\" decoding=\"async\" width=\"682\" height=\"964\" src=\"https:\/\/xn--identittsastrologie4-hzb.ch\/wp-content\/uploads\/2024\/08\/Buch4.png\" alt=\"\" class=\"wp-image-22\" style=\"width:303px;height:auto\" srcset=\"https:\/\/xn--identittsastrologie4-hzb.ch\/wp-content\/uploads\/2024\/08\/Buch4.png 682w, https:\/\/xn--identittsastrologie4-hzb.ch\/wp-content\/uploads\/2024\/08\/Buch4-212x300.png 212w\" sizes=\"auto, (max-width: 682px) 100vw, 682px\" \/><\/a><\/figure>\n<\/div>\n\n\n\n<div class=\"wp-block-column is-layout-flow wp-block-column-is-layout-flow\">\n<p>Impressum<\/p>\n\n\n\n<ol class=\"wp-block-list\">\n<li>Auflage, \u00a9 2021 Michael Baumann<br>Text: Michael Baumann<br><a href=\"http:\/\/www.empedokles-web.ch\" target=\"_blank\" rel=\"noreferrer noopener\">www.empedokles-web.ch<\/a><br>Korrektorat: Marie-Luise Stettler, 5077 Elfingen<br>Foto Cover: Michael Baumann<br>Layout, Druck Zumsteg Druck AG, 5070 Frick<br>und Bindung: <a href=\"https:\/\/www.swiboo.ch\/ProductDetails?produktID=ART%7C1147960\" data-type=\"link\" data-id=\"https:\/\/www.swiboo.ch\/ProductDetails?produktID=ART%7C1147960\" target=\"_blank\" rel=\"noreferrer noopener\">www.buchmodul.ch<\/a><br>Verlag: Eigenverlag Michael Baumann<br>ISBN: 978-3-907106-65-5<br>Erstauslieferung am 7.7.2021<\/li>\n<\/ol>\n<\/div>\n<\/div>\n\n\n\n<div class=\"wp-block-columns alignwide is-layout-flex wp-container-core-columns-is-layout-28f84493 wp-block-columns-is-layout-flex\">\n<div class=\"wp-block-column is-layout-flow wp-block-column-is-layout-flow\">\n<figure class=\"wp-block-image size-full is-resized\"><a href=\"https:\/\/identit\u00e4tsastrologie4.ch\/index.php\/buch-5\/\"><img loading=\"lazy\" decoding=\"async\" width=\"682\" height=\"964\" src=\"https:\/\/xn--identittsastrologie4-hzb.ch\/wp-content\/uploads\/2024\/08\/Buch5.png\" alt=\"\" class=\"wp-image-23\" style=\"width:304px;height:auto\" srcset=\"https:\/\/xn--identittsastrologie4-hzb.ch\/wp-content\/uploads\/2024\/08\/Buch5.png 682w, https:\/\/xn--identittsastrologie4-hzb.ch\/wp-content\/uploads\/2024\/08\/Buch5-212x300.png 212w\" sizes=\"auto, (max-width: 682px) 100vw, 682px\" \/><\/a><\/figure>\n<\/div>\n\n\n\n<div class=\"wp-block-column is-layout-flow wp-block-column-is-layout-flow\">\n<p>Impressum<br>\u00a9 2022 Michael Baumann<\/p>\n\n\n\n<ol class=\"wp-block-list\">\n<li>Auflage, Februar 2022<br>Text: Michael Baumann<br><a href=\"http:\/\/www.empedokles-web.ch\" target=\"_blank\" rel=\"noreferrer noopener\">www.empedokles-web.ch<\/a><br>Korrektorat: Marie-Luise Stettler, 5077 Elfingen<br>Foto Cover: Michael Baumann<br>Layout, Druck Zumsteg Druck AG, 5070 Frick<br>und Bindung: <a href=\"https:\/\/www.swiboo.ch\/ProductDetails?produktID=ART%7C1149081\" data-type=\"link\" data-id=\"https:\/\/www.swiboo.ch\/ProductDetails?produktID=ART%7C1149081\" target=\"_blank\" rel=\"noreferrer noopener\">www.buchmodul.ch<\/a><br>Verlag: Eigenverlag Michael Baumann<br>Erstauslieferung 03.02.2022<br>\u00a9 Michael Baumann. Kopieren von Ausz\u00fcgen f\u00fcr Schulungszwecke (wie z.B. Vortr\u00e4ge usw.) ist<br>mit Angabe des Autors erlaubt.<\/li>\n<\/ol>\n<\/div>\n<\/div>\n\n\n\n<div class=\"wp-block-columns alignwide is-layout-flex wp-container-core-columns-is-layout-28f84493 wp-block-columns-is-layout-flex\">\n<div class=\"wp-block-column is-layout-flow wp-block-column-is-layout-flow\">\n<figure class=\"wp-block-image size-full is-resized\"><a href=\"https:\/\/identit\u00e4tsastrologie4.ch\/index.php\/buch-6\/\"><img loading=\"lazy\" decoding=\"async\" width=\"682\" height=\"964\" src=\"https:\/\/xn--identittsastrologie4-hzb.ch\/wp-content\/uploads\/2024\/08\/Buch6.png\" alt=\"\" class=\"wp-image-24\" style=\"width:308px;height:auto\" srcset=\"https:\/\/xn--identittsastrologie4-hzb.ch\/wp-content\/uploads\/2024\/08\/Buch6.png 682w, https:\/\/xn--identittsastrologie4-hzb.ch\/wp-content\/uploads\/2024\/08\/Buch6-212x300.png 212w\" sizes=\"auto, (max-width: 682px) 100vw, 682px\" \/><\/a><\/figure>\n<\/div>\n\n\n\n<div class=\"wp-block-column is-layout-flow wp-block-column-is-layout-flow\">\n<p>Impressum E<br>\u00a9 2022 Michael Baumann<\/p>\n\n\n\n<ol class=\"wp-block-list\">\n<li>Auflage, Juni 2022<br>Text: Michael Baumann<br><a href=\"http:\/\/www.empedokles-web.ch\" target=\"_blank\" rel=\"noreferrer noopener\">www.empedokles-web.ch<\/a><br>Korrektorat: Marie-Luise Stettler, 5077 Elfingen<br>Foto Cover: Michael Baumann<br>Layout, Druck Mobus AG \u2013 Zumsteg Druck, 5070 Frick<br>und Bindung: <a href=\"https:\/\/www.swiboo.ch\/ProductDetails?produktID=ART%7C1149519\" data-type=\"link\" data-id=\"https:\/\/www.swiboo.ch\/ProductDetails?produktID=ART%7C1149519\" target=\"_blank\" rel=\"noreferrer noopener\">www.buchmodul.ch<\/a><br>Verlag: Eigenverlag Michael Baumann<br>Papier: Z-Offset Natural (FSC-Mixed)<br>ISBN 978-3-907106-79-2<br>Erstauslieferung 12. Juni.2022<br>Text- und Bildzitate unter Angabe des Autors, des Titels und der Bestellungsmodalit\u00e4t bei<br>Swiboo erlaubt.<\/li>\n<\/ol>\n<\/div>\n<\/div>\n","protected":false},"excerpt":{"rendered":"<p>Impressum\u00a9 2017 Michael Baumann Impressum\u00a9 2019 Michael Baumann Impressum\u00a9 2020 Michael Baumann Impressum Impressum\u00a9 2022 Michael Baumann Impressum E\u00a9 2022 Michael Baumann<\/p>\n","protected":false},"author":1,"featured_media":15,"parent":0,"menu_order":0,"comment_status":"closed","ping_status":"closed","template":"","meta":{"footnotes":""},"class_list":["post-14","page","type-page","status-publish","has-post-thumbnail","hentry"],"_links":{"self":[{"href":"https:\/\/xn--identittsastrologie4-hzb.ch\/index.php\/wp-json\/wp\/v2\/pages\/14","targetHints":{"allow":["GET"]}}],"collection":[{"href":"https:\/\/xn--identittsastrologie4-hzb.ch\/index.php\/wp-json\/wp\/v2\/pages"}],"about":[{"href":"https:\/\/xn--identittsastrologie4-hzb.ch\/index.php\/wp-json\/wp\/v2\/types\/page"}],"author":[{"embeddable":true,"href":"https:\/\/xn--identittsastrologie4-hzb.ch\/index.php\/wp-json\/wp\/v2\/users\/1"}],"replies":[{"embeddable":true,"href":"https:\/\/xn--identittsastrologie4-hzb.ch\/index.php\/wp-json\/wp\/v2\/comments?post=14"}],"version-history":[{"count":12,"href":"https:\/\/xn--identittsastrologie4-hzb.ch\/index.php\/wp-json\/wp\/v2\/pages\/14\/revisions"}],"predecessor-version":[{"id":65,"href":"https:\/\/xn--identittsastrologie4-hzb.ch\/index.php\/wp-json\/wp\/v2\/pages\/14\/revisions\/65"}],"wp:featuredmedia":[{"embeddable":true,"href":"https:\/\/xn--identittsastrologie4-hzb.ch\/index.php\/wp-json\/wp\/v2\/media\/15"}],"wp:attachment":[{"href":"https:\/\/xn--identittsastrologie4-hzb.ch\/index.php\/wp-json\/wp\/v2\/media?parent=14"}],"curies":[{"name":"wp","href":"https:\/\/api.w.org\/{rel}","templated":true}]}}